at is the tens digit of 700/13 - d/26?
5
What is the tens digit of (-30500)/(-70) - 4/(-14)?
3
Suppose 0*d + 4*d - 12 = 0. What is the tens digit of (6/5)/(-1*d/(-230))?
9
Let p be (6/(-24))/((-2)/24). Suppose 3*j - p = 0, -4*g - 5*j - 173 = 286. What is the tens digit of g/(-6) - 26/(-39)?
2
Let i(g) = 250*g**3 - 4*g**2 + 4*g - 1. What is the units digit of i(1)?
9
Let y(j) = j**2 + 2*j + 50. What is the units digit of y(16)?
8
Let i be 6/10 - 1557/45. Let b = i + 107. What is the tens digit of b?
7
Let h(k) = -14*k + 58. Suppose 3*b = -3*p + 27, -3*b + 17 = -0*b - 2*p. Let u(c) = -9*c + 39. Let z(o) = b*u(o) - 5*h(o). What is the units digit of z(9)?
6
Let v be 2/3 - (-12)/9. Let b(o) = 11*o + 3. Let z(k) = 5*k + 1. Let f(m) = 4*b(m) - 9*z(m). What is the units digit of f(v)?
1
Let t(x) be the second derivative of 5*x**2 + 0 - 6*x + 1/2*x**3. What is the units digit of t(5)?
5
Suppose -4*f + 4*p + 48 = 3*p, -4*p - 24 = -2*f. Let r = 69 - f. What is the tens digit of r?
5
Suppose -417*r - 12954 = -420*r. What is the hundreds digit of r?
3
Suppose -65 = -2*p - 3*u, 6*p - 225 = p + 5*u. Let a = p - 14. Let f = a + -12. What is the tens digit of f?
1
Let x = -41 - -43. Suppose -2*b + 4*b + 2*m = 176, -m = x*b - 175. What is the tens digit of b?
8
Suppose 0 = 46*q - 53*q + 12642. What is the tens digit of q?
0
Let g(x) = x + 11. Let r = 9 - 15. Let z be g(r). Suppose z + 19 = 3*j. What is the units digit of j?
8
Let m(n) = 17*n. Let a(s) = -86*s - 1. Let p(c) = -2*a(c) - 11*m(c). What is the tens digit of p(-6)?
9
Let y = -1001 - -1747. What is the hundreds digit of y?
7
Let q = 895 - -1804. What is the tens digit of q?
9
What is the units digit of (6/(-21) + (-5112)/42)*-1?
2
Let a be -2*3/6 + 10. What is the units digit of -2 + 2 - 2 - (-819)/a?
9
Suppose 0 = -9*q + 10331 - 1646. What is the tens digit of (-1)/(4 - 3865/q)?
9
Let s = 20 - 13. Let c(a) = -8*a**2 - a**3 + 6*a + 2*a**3 + 3 + 7. What is the units digit of c(s)?
3
Let o(g) = g**3 - g**2 - 3. Let c be o(2). Let t = 4 + c. Suppose -t*j + j + 84 = 0. What is the units digit of j?
1
Suppose -2*y = -7*y + 90. Suppose -z = -4*c + 206, 0 = -3*c + 5*z + 128 + y. What is the tens digit of c?
5
Suppose -r = g + 35, -3*g + 37 - 138 = r. Let x = g - -35. What is the units digit of x?
2
Suppose 8*i - 11217 = 16015. What is the units digit of i?
4
Let v = 2663 + -1818. What is the tens digit of v?
4
Suppose -g - 3*g = 3*b - 11, -g = 3*b - 5. Suppose -4*w + 127 = 5*a - 0*a, -g*a - 78 = -3*w. Let m = -3 + w. What is the tens digit of m?
2
Suppose -13 = 3*r - 2*r. Let c = 26 + r. Suppose t + c = 39. What is the units digit of t?
6
Suppose 5*x = 5*b + 4350, 5*x - 97 = -4*b + 4262. What is the tens digit of x?
7
Let k(o) = 16*o - 35. Let i be k(24). Let b = -204 + i. What is the units digit of b?
5
Let g be (8/(-12))/((-2)/(-15)). Let p = 21 - g. What is the units digit of p?
6
Let z(i) = i**3 - 71 - 2*i + 0*i + 68 + 9*i**2. Let g be z(-9). What is the units digit of 2/(((-3)/(-1))/g)?
0
Suppose y + 2 = -3. What is the tens digit of 304 + -5 + (0 - y)?
0
What is the units digit of (2923/111)/((-2)/(-66))?
9
Suppose -30 = -8*s + 18. Let d = 236 - s. What is the tens digit of d?
3
Let o = -121 - -475. What is the hundreds digit of o?
3
Let z = -4 - -7. Suppose t - 8 = c, -t - z*c - 1 = -5. Suppose -1 = q - t. What is the units digit of q?
6
Suppose g = 5*r - 1446, -4*r + 600 = -2*r + 5*g. What is the tens digit of r?
9
What is the tens digit of (21 - 24)*(-203 + (2 - 0))?
0
Suppose -q - 52 = 2*g, 2*q - 4*g + 52 = q. Let f = 76 + q. What is the units digit of (-12)/f*(-6 + 0)?
3
Suppose c = s - 1, 5*c + 4*s - 2*s - 2 = 0. Suppose 2*k + 0*k - 6 = c. Suppose 0 = 4*a - 3*f - 193, 2*a = -k*f - 7 + 108. What is the tens digit of a?
4
Let g = 108 - 111. What is the tens digit of (-6 + -142)/(g - -1)?
7
What is the hundreds digit of (-98)/28*-52*(-38)/(-4)?
7
Let l(d) be the first derivative of d**3/3 - 7*d**2 - 4*d + 2. What is the tens digit of l(15)?
1
Let w be (2 - -2)*(1 + -3). Let n(t) = -t**3 - 21*t**2 - 19*t + 37. Let s be n(-20). Let l = s + w. What is the units digit of l?
9
Suppose -4*l - 7995 = 5*d - 30365, -d - 5*l = -4495. What is the hundreds digit of d?
4
Let p(r) = 113*r**3 - r**2. Let a be p(1). Let s = a - 45. What is the units digit of s?
7
Suppose 2*a + 8 = -3*k, -6*a = 2*k - 5*a + 4. Let m(x) be the first derivative of -3*x**2/2 + 9*x + 2. What is the units digit of m(k)?
9
Let m = 116 + -101. What is the units digit of m?
5
Suppose 29*k - 61*k + 89856 = 0. What is the tens digit of k?
0
Let v(t) = -140*t - 170. What is the units digit of v(-8)?
0
Suppose -125 = -6*v + 5*v. Let w(c) = c**3 - 2*c**2 - 3*c. Let u be w(3). Suppose u = 4*g - v + 29. What is the units digit of g?
4
Let i = -124 + 139. Let b = 142 - i. What is the hundreds digit of b?
1
Let x be (2 + -5)*(-21)/9. Let l(c) = c**2 + c + 4. Let y be l(0). Let t = x - y. What is the units digit of t?
3
Let z(p) = 78*p - 14. Let g be z(3). Suppose -2*t + 348 = -5*d, -5*t + 4*d - g + 1124 = 0. What is the units digit of t?
4
Suppose 0 = 3*x + 3, -c - 3*x + 6*x + 6 = 0. Let v(d) = -1. Let r(b) = 2*b - 12. Let u(m) = 4*r(m) - 44*v(m). What is the units digit of u(c)?
0
Suppose 4*y = 143 + 173. Suppose -y = -3*t - 73. What is the units digit of t?
2
Suppose -1234 = -5*p + 711. What is the units digit of p?
9
Let t = -16 - -18. Suppose 0 = 3*r + 2*k - 458, r + t*k - 152 = k. What is the units digit of r?
4
Suppose -5*p = -4*g - 35, 2*g + 17 = 5*p - 8. Let s(d) = -d**3 - 5*d**2 + 7*d - 2. Let x be s(g). Let n = x - -64. What is the tens digit of n?
2
Suppose 15*j + 861 = 16*j + h, 0 = -h + 2. What is the tens digit of j?
5
What is the hundreds digit of ((-4184)/(-64))/(1/8)?
5
Let s(l) = -2*l + 3. Let y = 4 - 0. Let o(i) = -4*i + 6. Let k be o(y). What is the units digit of s(k)?
3
Let m be 135/(-2)*(-12)/(-5). What is the hundreds digit of 3 - (m + 4) - 0?
1
Let v = -17 + 20. Suppose 0 = u - 5*x - v - 12, 4*x = -4*u + 12. Suppose -6*c + 3*c - u*o = -127, 31 = c - 4*o. What is the tens digit of c?
3
Let g = 54 - 14. Let c be (8 - 2) + 0 + 0. Suppose u = c*u - g. What is the units digit of u?
8
What is the units digit of 16 + -13 + 3*159?
0
Suppose -x + 21 = -4*x. Let l(h) = -8*h**2 - 8*h + 8. Let i(b) = 7*b**2 + 8*b - 7. Let g(v) = -7*i(v) - 6*l(v). What is the units digit of g(x)?
8
Suppose 3*u = -16*u + 5510. What is the hundreds digit of u?
2
Let v = 22 - 12. Suppose -4*q = -26 - v. Let h = 20 + q. What is the tens digit of h?
2
Let g be -2*3/(12/118). Let n = g - -86. What is the units digit of n?
7
Let b be ((-3)/2)/(4/(-232)). Let n = b + -12. What is the units digit of n?
5
Let d = 104 - 48. Let l = d - 32. What is the tens digit of l?
2
Let n be -3*(-16)/12 + 1. Suppose -3*l = s + 17, -n*s + 2 = -l + 7. Let o = 1 - s. What is the units digit of o?
3
What is the thousands digit of -4 - ((-3348)/24)/((-2)/(-16))?
1
Suppose 0 = 6*q - 5784 - 4020. What is the units digit of q?
4
Let t(k) = -k - 1. Let o be t(-4). Suppose 2*v - o*r = 19 - 6, -3*v - 4*r = -28. Suppose -m = 4*c - 57, 0 = -c - m + 2*m + v. What is the tens digit of c?
1
Let l(q) = q**2 + 12*q - 79. What is the hundreds digit of l(-24)?
2
Let n = 1100 - 386. What is the hundreds digit of n?
7
Suppose 18*h + 276 = 11652. What is the tens digit of h?
3
Suppose 0 = 4*z - 8*z - 3*u + 73, 4*z + 2*u = 74. What is the tens digit of z?
1
Let h be -3 + 2 + 4 + (307 - 4). Suppose n = -3*x + 167, 4*x = -3*n + h + 215. What is the units digit of n?
9
Let q(d) = 19*d + 5. Let y be q(4). Suppose 5*x = 4*x + y. Suppose -2*a = 3*a - 20, 3*v + 3*a - x = 0. What is the tens digit of v?
2
Suppose -7*d - 21*d = -11480. What is the units digit of d?
0
Let i be (-14)/4*(-85 + -1). Suppose 2*p - 2*q - 50 = -38, -p + 18 = -5*q. Suppose 0 = -3*s + p, -s + 4*s = 4*j - i. What is the tens digit of j?
7
Suppose 0 = -5*z - 2 + 7. Let v be 1/7 + ((-1120)/(-49))/8. What is the tens digit of (v/(-9))/(z/(-33))?
1
What is the tens digit of (-10)/4 + 326155/430?
5
Let g be (-3 - -2)/1 - -4. Suppose 35 = w - g*c, -w - 4*c = w - 40. What is the tens digit of w?
2
Let b = -1789 + 3019. What is the thousands digit of b?
1
Let v(f) = -f - 5. Let q be v(-9). Suppose -9*c + q*c = -340. What is the tens digit 